(r) = -r**2 - 7*r + 6. Give s(4).
-38
Let f(z) = -z + 2. Determine f(0).
2
Let j(w) = w**3 - w**2 - w + 1. Give j(2).
3
Let k(z) = 17*z - 1. Determine k(-1).
-18
Let l(i) = 6*i**3 + 2*i**2. Calculate l(-2).
-40
Let g(a) = a**2 - 12*a - 24. Determine g(-2).
4
Let x(u) = -u**2 + 6*u + 14. What is x(5)?
19
Let j(s) = 2*s - 76. What is j(40)?
4
Let d(j) = -2*j**2 - 11*j + 17. Determine d(-7).
-4
Let s(g) = -g**3 + 4*g**2 + 2*g - 3. Determine s(4).
5
Let b(y) = 2*y**2 + 7*y - 10. Calculate b(4).
50
Let s(a) = -a**2 - 11*a - 15. Calculate s(-9).
3
Let o(j) = 205*j - 619. Give o(3).
-4
Let s(i) = -10*i - 6. Give s(4).
-46
Let p(o) = -o**2 - 14*o - 1. Calculate p(-13).
12
Let t(y) = y**3 + 3*y**2 + y - 3. Calculate t(-3).
-6
Let v(o) = -o**3 - o**2 + 2*o - 1. Give v(2).
-9
Let a(f) = f**2 + 3*f - 5. What is a(-3)?
-5
Let v(m) = 21*m + 11. Give v(8).
179
Let g(d) = -22*d. Give g(-1).
22
Let j(x) = 9*x - 25. Determine j(3).
2
Let p(b) = -3*b + 1. Determine p(8).
-23
Let b(l) = -2*l**2 - 27*l - 10. Determine b(-13).
3
Let n(f) = f**2 - 5*f - 59. What is n(0)?
-59
Let j(x) = x**3 - 49*x**2 - 111*x + 450. Give j(51).
-9
Let v(r) = -r**3 + 4*r**2 + r - 9. Calculate v(0).
-9
Let h(y) = 12*y - 55. What is h(4)?
-7
Let u(p) = p**2 + p + 1. Calculate u(0).
1
Let u(h) = 9*h**3 - 3*h**2 - 3*h + 11. Give u(2).
65
Let d(q) = -3*q**2 + 8*q - 2. Give d(7).
-93
Let p(f) = -3*f + 13. What is p(7)?
-8
Let a(f) = -f**2 + f - 28. Give a(0).
-28
Let k(f) = -13*f - 47. Calculate k(-9).
70
Let c(k) = k**2 - 37*k + 340. Calculate c(22).
10
Let s(m) = 9*m + 276. Calculate s(-30).
6
Let b(l) = -2*l**2 + 7*l. Determine b(0).
0
Let o(v) = 5*v**3 + 4*v**2 - 7*v + 3. Give o(1).
5
Let g(i) = -38*i + 8. What is g(3)?
-106
Let f(g) = -6*g + 5. What is f(-4)?
29
Let p(a) = a**2 - 4*a + 12. Determine p(6).
24
Let h(x) = 6*x - 9. Determine h(4).
15
Let u(h) = h**3 - 14*h**2 - 16*h + 7. Give u(15).
-8
Let a(z) = -z**3 + 12*z**2 - 3*z - 2. What is a(12)?
-38
Let m(o) = 6*o + 14. Calculate m(-3).
-4
Let w(x) = 6*x - 2. What is w(-1)?
-8
Let n(f) = -f**3 + 26*f**2 + 27*f - 16. What is n(27)?
-16
Let m(a) = 5*a**2 + 5*a - 8. Give m(-4).
52
Let d(q) = -2*q + 38. Determine d(17).
4
Let x(k) = -166*k - 497. Calculate x(-3).
1
Let g(v) = -v**3 + 10*v**2 + 11*v + 5. What is g(11)?
5
Let d(s) = s**2 + 43*s - 19. Calculate d(-43).
-19
Let i(z) = 9*z**2 + 4*z + 3. What is i(-2)?
31
Let f(t) = 2*t**2 + 8*t + 8. Determine f(-2).
0
Let z(h) = -5*h - 17. Calculate z(12).
-77
Let g(u) = -u**2 - 9*u + 96. What is g(-14)?
26
Let h(c) = 6*c + 169. Determine h(0).
169
Let z(d) = 10*d + 95. Calculate z(-9).
5
Let y(f) = -f + 20. Determine y(12).
8
Let r(v) = -21*v - 562. What is r(-27)?
5
Let r(w) = w**3 - 6*w**2 - 3*w + 6. Determine r(5).
-34
Let n(h) = h**3 - 5*h**2 + 4*h - 6. What is n(3)?
-12
Let r(c) = -c**2 - 17*c - 6. Determine r(-19).
-44
Let h(w) = -w + 3. Calculate h(2).
1
Let o(f) = 3*f**3 - 10*f**2 + 2. What is o(3)?
-7
Let j(t) = 3*t. Give j(1).
3
Let i(b) = 41*b + 85. Determine i(-2).
3
Let k(m) = m**3 + 6*m**2 + 2*m + 5. What is k(-6)?
-7
Let h(c) = c**3 - c + 11. Determine h(0).
11
Let w(y) = -3*y**2. Give w(-2).
-12
Let a(f) = f**2 - 10*f + 15. Calculate a(7).
-6
Let j(o) = o**2 + 2*o - 18. Give j(4).
6
Let h(a) = -a**3 + 45*a**2 - a + 29. Give h(45).
-16
Let p(k) = -k**2 + 39*k - 35. Determine p(38).
3
Let g(i) = -i**2 - 7*i - 1. What is g(-1)?
5
Let m(z) = -z. Give m(-17).
17
Let w(y) = -y**3 + 5*y**2 - 3*y + 1. What is w(5)?
-14
Let x(q) = q**2 - 42*q + 84. What is x(40)?
4
Let a(i) = -3*i - 10. Calculate a(9).
-37
Let i(u) = u**3 - 7*u**2 - 13*u + 33. Give i(8).
-7
Let z(n) = n**2 - 5*n + 28. What is z(3)?
22
Let l(w) = w + 14. Give l(-6).
8
Let p(w) = 33*w - 177. What is p(5)?
-12
Let t(o) = -o**3 + o**2 + o - 1. Determine t(3).
-16
Let h(k) = 4*k**2 + k + 2. Give h(-2).
16
Let s(m) = 4*m**2. Calculate s(-1).
4
Let j(f) = f**3 + 17*f**2 + 12*f + 39. Determine j(-16).
103
Let k(v) = -v**2 + 31*v - 113. What is k(29)?
-55
Let j(q) = 3*q**2 - 7*q + 4. Give j(5).
44
Let m(d) = 2*d**3 + 12*d**2 - 11*d - 65. Calculate m(-6).
1
Let t(o) = 21*o + 11. Calculate t(2).
53
Let r(w) = 17*w + 124. Determine r(-7).
5
Let x(h) = -h**2 + 7*h + 39. What is x(13)?
-39
Let k(y) = 17*y**2 + y - 2. Give k(2).
68
Let x(r) = -3*r - 92. Give x(-18).
-38
Let v(q) = 2*q**3 + 2*q**2 + q + 2. Calculate v(-2).
-8
Let y(j) = j**2 - 40*j + 117. Calculate y(30).
-183
Let c(i) = i**2 + 34*i + 153. Give c(-28).
-15
Let q(g) = -50*g - 353. What is q(-7)?
-3
Let x(l) = 2*l - 25. Give x(15).
5
Let k(l) = -l**3 - 4*l**2 + l + 6. Give k(-4).
2
Let q(m) = m**3 - 14*m**2 - 51*m - 2. Give q(17).
-2
Let g(j) = -j**3 + 6*j**2 - 8*j + 7. Give g(5).
-8
Let r(z) = z**3 - 11*z**2 + 1. Give r(11).
1
Let f(h) = -h + 5. What is f(6)?
-1
Let x(b) = -194*b - 1152. Determine x(-6).
12
Let n(h) = -39*h - 3. What is n(1)?
-42
Let g(n) = -5*n**2 + 3*n - 35. What is g(4)?
-103
Let g(z) = 2*z**2 - 14*z + 11. Calculate g(4).
-13
Let t(a) = 23*a + 8. Calculate t(-3).
-61
Let g(v) = 5*v**3 + 31*v**2 + 5*v - 2. What is g(-6)?
4
Let h(a) = -a**2 - 14*a - 14. Calculate h(-9).
31
Let n(m) = m**3 + 8*m**2 - 7*m + 9. What is n(-9)?
-9
Let l(v) = v**3 - 9*v**2 - 12*v - 6. Calculate l(10).
-26
Let i(z) = -9*z + 48. Give i(6).
-6
Let a(h) = h**3 - 25*h**2 - h + 31. Give a(25).
6
Let o(t) = -6*t**2 + 3*t - 12. Calculate o(3).
-57
Let z(k) = k**2 + 5*k - 6. Determine z(-5).
-6
Let u(x) = x**2 - 5*x - 3. Give u(6).
3
Let q(y) = y**2 - 2*y - 2. Give q(4).
6
Let l(h) = 2*h + 14. Give l(0).
14
Let d(k) = k**3 - 2*k**2 + 3*k + 11. Calculate d(0).
11
Let i(s) = -s**2 + 3*s + 233. Give i(-14).
-5
Let b(d) = -d**2 + 7*d - 20. Determine b(9).
-38
Let z(a) = -a**2 - 3*a + 1. Calculate z(2).
-9
Let n(d) = 2*d**2 - 39*d + 16. Determine n(19).
-3
Let v(h) = -89*h**2 - 6*h + 6. Calculate v(1).
-89
Let z(u) = 14*u - 6. Give z(4).
50
Let z(j) = -8*j**2 + 75*j - 34. Give z(9).
-7
Let g(y) = -y**3 - 7*y**2 + 7*y + 15. Determine g(-7).
-34
Let r(s) = s**3 + s**2 - 9*s. Give r(-6).
-126
Let u(w) = w**3 - 10*w**2 - w - 3. Determine u(10).
-13
Let o(d) = -2*d**2 + 19*d + 6. Determine o(10).
-4
Let k(i) = -i**3 - 4*i**2 + i - 6. Determine k(-5).
14
Let k(l) = l**3 + l**2 - 6*l. Determine k(-3).
0
Let s(i) = 2*i + 21. Calculate s(0).
21
Let o(z) = -z**2 + 2*z + 12. Give o(0).
12
Let b(h) = h - 1. What is b(13)?
12
Let j(u) = -u**2 + 19*u + 2. What is j(18)?
20
Let r(l) = -l**2 - 3*l - 2. Determine r(3).
-20
Let p(t) = t**3 - 12*t**2 + 36*t - 24. Give p(8).
8
Let u(f) = -f**3 + 13*f**2 - 9*f - 2. Give u(12).
34
Let r(t) = t**2 - 23*t + 54. What is r(22)?
32
Let d(k) = -k**3 - 6*k**2 - 3*k + 2. Calculate d(-7).
72
Let u(w) = -w**3 + 7*w**2 + 6*w - 8. What is u(7)?
34
Let j(q) = q**2 + 14*q + 7. Give j(-12).
-17
Let g(m) = -2*m**3 + 3*m - 7. What is g(0)?
-7
Let v(m) = m**3 - 10*m**2 + 2*m - 14. Give v(10).
6
Let k(m) = -18*m**2. Give k(-1).
-18
Let z(f) = f**3 - 4*f**2 - 7*f - 13. Determine z(7).
85
Let f(j) = -j**2 + 6*j + 6. Calculate f(5).
11
Let s(x) = -10*x - 7. What is s(-2)?
13
Let z(m) = -50*m - 2. What is z(2)?
-102
Let s(k) = -14*k - 164. Calculate s(-12).
4
Let g(d) = 2*d**2 - d - 1. What is g(6)?
65
Let c(k) = k**3 - 11*k**2 + k - 2. Determine c(11).
9
Let r(t) = -7*t - 59. What is r(-10)?
11
Let y(k) = k**2 - 4*k - 83. Calculate y(11).
-6
Let r(t) = -t**3 - 60*t**2 - 56*t + 177. Determine r(-59).
0
Let p(v) = 4*v**3 - 4*v**2 - 3*v + 4. Calculate p(2).
14
Let n(a) = -a**3 + 6*a**2 - 7*a - 1. Determine n(5).
-11
Let a(q) = q**2 + 8*q - 1. What is a(-9)?
8
Let n(y) = -y**2 + 11*y - 23. What is n(4)?
5
Let b(h) = -7*h - 12. What is b(-5)?
23
Let v(f) = -6*f + 4. Calculate v(7).
-38
Let f(z) = -z**3 + 17*z**2 - 16*z + 37. What is f(16)?
37
Let w(o) = o**3 - 5*o**2 - o - 1. Determine w(6).
29
Let v(l) = 6*l + 15. Determine v(-4).
-9
Let i(m) = m**3 - 4*m**2 + 4*m - 3. Determine i(3).
0
Let a(g) = 2*g - 47. What is a(14)?
-19
Let h(n) = n**2 - 22*n + 9. Calculate h(22).
9
Let u(t) = t**3 - 7*t**2 - 19*t + 13. Determine u(9).
4
Let o(r) = -r**2 - 16*r + 6. Calculate o(-15).
21
Let a(n) = n**3 - 12*n**2 + 21*n - 6. Determine a(10).
4
Let a(v) = -v**3 + 16*v**2 + 12*v + 65. Calculate a(17).
-20
Let y(s) = -s + 3. Determine y(-5).
8
Let s(w) = 24*w - 1. Give s(2).
47
Let d(u) = u